 remainder when p is divided by 28?
25
Let j be 1 - ((-2)/(-1) - 483). Let h = j - 331. Calculate the remainder when h is divided by 38.
37
Suppose -3*h = -4*s - 766, h - 231 = 3*s + 16. What is the remainder when h is divided by 66?
64
Let y = 1940 - 1018. What is the remainder when y is divided by 84?
82
Let y = 245 - 233. What is the remainder when y is divided by 7?
5
Calculate the remainder when 261 is divided by ((-360)/(-300))/(6/170).
23
Let p(u) = 2*u + 12. Let h be p(-13). Let z(q) = -3*q**2 - 46*q - 3. What is the remainder when z(h) is divided by 14?
11
Suppose 28 = -3*r + 16. What is the remainder when 63 is divided by r/5 - 276/(-20)?
11
Suppose t = -0*t - k + 134, 5*k - 25 = 0. What is the remainder when t is divided by 15?
9
What is the remainder when (246/6)/(3/12) is divided by 22?
10
Let c(x) = x**3 + 9*x**2 + 14*x + 9. Let v be c(-7). Suppose 0 = -v*d + 136 - 82. Suppose -3*g = -26 + 8. What is the remainder when d is divided by g?
0
Suppose -v - 4*n = -6, -4*n + 9 = 29. Suppose -4*u + v = 3*x + u, -2*x = -2*u + 4. Calculate the remainder when 5 is divided by x.
1
Suppose 97 - 31 = 2*m. Let k be (-1776)/m + (-2)/11. Let x = 100 + k. Calculate the remainder when x is divided by 24.
22
What is the remainder when (-1100)/(-80) + -14 + (-1170)/(-8) is divided by 45?
11
Suppose 70*l - 57*l = 117. What is the remainder when 24 is divided by l?
6
What is the remainder when (-116)/(-87)*(-6)/(-4) - -391 is divided by 44?
41
Suppose 0 = -3*y + 2*y - 5*z + 15, -4*y - z - 35 = 0. Let x(c) = 3*c + 38. Calculate the remainder when 71 is divided by x(y).
7
Suppose 4*f - 42 = -2*w, 3*w - 5*f = 2*w + 14. Suppose 0 = 5*i + 4*c - 12, 5*c + 2 + 8 = 0. What is the remainder when w is divided by i?
3
Let a be 1496/30 + (-8)/(-60). Let o = a + -29. Calculate the remainder when 82 is divided by o.
19
Let m be (1/2)/((-4)/(-160)). Calculate the remainder when 7 is divided by 5/m + (-57)/(-12).
2
Suppose 2*p - 101 = v - 401, -v - 5*p + 272 = 0. What is the remainder when 3*v/12 - (-1)/1 is divided by 19?
17
Suppose -7*v + 16 = v. Suppose 14 = 3*y - 52. Calculate the remainder when y is divided by (36/270 + (-176)/(-30))*v.
10
Let z(y) be the first derivative of 7*y**2/2 - 3*y - 2. What is the remainder when 42 - (2/(-8) - (-10)/8) is divided by z(2)?
8
Let n = 28 + -23. Calculate the remainder when 154/2 + n*3/15 is divided by 16.
14
Let o = -175 - -363. Calculate the remainder when o is divided by 38.
36
Let g = 358 + -325. Let b(k) = k**3 + 9*k**2 + 5*k - 6. What is the remainder when g is divided by b(-8)?
15
Suppose -3*o + 6 = 0, 24 = 3*s - 3*o - 30. Calculate the remainder when s is divided by 5.
0
What is the remainder when 35/6 + -6 + (-127)/(-6) is divided by 9?
3
Let w(f) = f**3 - 2*f**2 + 2*f - 3. Let o = -1 + 1. Suppose o = 4*i + 17 - 25. Calculate the remainder when 1 is divided by w(i).
0
Let r(y) = 9*y**2 - 2*y + 1. What is the remainder when (-6)/8 + (-6)/((-144)/2346) is divided by r(2)?
31
Suppose 10 = -3*r + 55. Suppose -41 = -z - 2*p, 0 = -7*p + 2*p + r. What is the remainder when z is divided by 12?
11
Let h(j) = -7 + 3 + 2*j + 27. What is the remainder when 6 is divided by h(-10)?
0
Let k = 9 - -58. Calculate the remainder when 122 is divided by k.
55
Suppose -2*n + 3*o + 27 = 0, 2*n - 4*o = -6*o + 2. Suppose -33 = l - 11. What is the remainder when (l/4)/((-1)/2) is divided by n?
5
Let j(n) = -13*n**2 + n + 31. Let r(q) = -7*q**2 + 16. Let i(p) = 6*j(p) - 11*r(p). Let g be i(8). Let z = g + 40. What is the remainder when z is divided by 9?
7
Suppose 0 = 2*s - 5*j - 37, 0*s - s + 3*j = -21. What is the remainder when 28 is divided by s?
4
Let h(l) = -l**3 + 2*l**2 + 2*l + 6. Let x be h(5). Let m = -31 - x. Calculate the remainder when m is divided by 15.
13
Let y = -32 + 55. Let o = -120 + 232. What is the remainder when o is divided by y?
20
Suppose -11*w - 2*v + 266 = -6*w, 2*w + 5*v - 98 = 0. Calculate the remainder when 211 is divided by w.
49
Calculate the remainder when 64 is divided by (22/(-4))/(6/(-12)).
9
Calculate the remainder when 164 is divided by 1307/15 - (-338)/(-2535).
77
Let b(o) = 44*o + 51. Let j(z) = -23*z - 26. Let t(m) = 4*b(m) + 9*j(m). Calculate the remainder when t(-7) is divided by 47.
46
Suppose -3*x + 13 - 4 = 0. Suppose 3*z + 39 = -2*l + x*l, 2*z = 5*l - 130. Suppose 9*o = -20*o + 2059. What is the remainder when o is divided by l?
23
Let f(k) = k**3 + k**2 + 20. Suppose 3*y - 2431 = -2425. What is the remainder when f(0) is divided by y?
0
Let w = 15 + -14. What is the remainder when (2 - 0) + 35 + 6 is divided by w/(-3) - 92/(-6)?
13
Suppose -6*g + 7 = -5*g. Let k(y) = 18*y - 2. Calculate the remainder when k(2) is divided by g.
6
Let h(s) = 3*s**3 + 4*s**2 - 5*s. Suppose 10*k + 16 = 12*k. Calculate the remainder when h(2) is divided by k.
6
Let s(h) be the first derivative of -9*h**2/2 - 6*h - 19. What is the remainder when s(-8) is divided by ((15 - -1) + 1)/1?
15
Calculate the remainder when 274 is divided by (12/8)/((-9)/(-18)).
1
Let h = 81 - 49. Let q(r) = 9*r - 45. What is the remainder when q(15) is divided by h?
26
Let h(i) = i**3 + 15*i**2 - 17*i + 6. Calculate the remainder when 36 is divided by h(-16).
14
Let o(c) = -180*c - 3. Let w be o(-1). Let y = w - 76. Calculate the remainder when y is divided by 26.
23
Suppose -2*h = o - 33, 4*h + 5*o - 67 = h. Suppose 33*u - 124 = 29*u. What is the remainder when u is divided by h?
3
Suppose -31 = -3*f - t, f = t + 5 - 0. Suppose -f*l + 56 = -5*l. Let p = 21 - l. What is the remainder when 18 is divided by p?
4
Let y(n) = n**3 + 5*n**2 + 2*n - 4. Let b be y(-4). Suppose h = b + 3. Let q = -45 + 65. Calculate the remainder when q is divided by h.
6
Let q = -11 + 184. Let r = 25420 - 25385. Calculate the remainder when q is divided by r.
33
Suppose 0 = -157*y + 164*y - 2002. What is the remainder when y is divided by 41?
40
Let h(d) = -66*d + 3. Calculate the remainder when h(-9) is divided by 60.
57
Let x be -2 - -3 - (14 + 13). Let f = 44 + x. Calculate the remainder when 53 is divided by f.
17
Suppose -2*k + 89 = -3*z, -1 = -z - 2. Suppose 3*s = n - 9, -2*s - 85 = -5*n - 7*s. What is the remainder when k is divided by n?
13
Let j(x) = -x**3 - 11*x**2 - 31*x - 13. Suppose 5*d + 27 = -4*s, 4*s = d - 0*s + 15. What is the remainder when 37 is divided by j(d)?
5
Suppose 0 = -m + 2*m - 1. Suppose 3*q = -g - m, -3*g + 3 + 1 = 2*q. Let z(h) = -h**2 + 15*h + 58. What is the remainder when z(-3) is divided by g?
0
Let o = 143 + -43. Let t = -53 + o. Calculate the remainder when t is divided by 12.
11
Let y(v) = 6*v**2 - 15*v + 15. What is the remainder when 764 is divided by y(1)?
2
Let o(u) = -u**2 - 10*u - 20. Suppose 0 = -0*z + 3*z - 39. What is the remainder when z is divided by o(-6)?
1
Let f(o) = 214*o + 5. Calculate the remainder when f(1) is divided by 13.
11
Suppose 5*y + l - 140 = -4*l, 3*y = -l + 80. Let c be (-2)/(-12) + (-892)/24. Let w = -23 - c. What is the remainder when y is divided by w?
12
Let k(a) = -a**2 + 23*a + 12. What is the remainder when k(6) is divided by 34?
12
Suppose 0 = 3*u + 2*u + 4*z - 241, -44 = -u - 5*z. What is the remainder when 142 is divided by u?
44
Calculate the remainder when (-6 + 14 - 15) + (227 - -4) is divided by 71.
11
Let b(m) = -m**3 + 20*m**2 + 98*m - 35. Calculate the remainder when 50 is divided by b(24).
11
Calculate the remainder when ((-15)/9)/((-15)/1422) is divided by 27.
23
Let d(l) = l + 50. Let s = -8 + 15. Suppose -10*h + 78 = -s*h. What is the remainder when d(0) is divided by h?
24
Let n(s) = -s**3 - 4*s**2 + 4*s - 2. Let h be n(-5). Suppose h = m - 0. Suppose 5*b - b = 4, -b - m = -w. What is the remainder when 10 is divided by w?
2
Let g(m) = 12*m + 12*m + 10 - 12*m. Let b(t) = t**2 - 3*t - 6. What is the remainder when g(3) is divided by b(6)?
10
Let v(i) = 16*i**2 - 2*i + 3. What is the remainder when v(-2) is divided by 12?
11
Calculate the remainder when ((693/6)/7)/((-6)/(-48)) is divided by 15.
12
Suppose -2*i - 30 = -3*i. Suppose j + 80 = -4*j. Let r = i - j. Calculate the remainder when r is divided by 12.
10
Suppose -a + 5*a = 12. Suppose 5*u = -5*z + 4*z + 73, a*u - 5*z = 55. What is the remainder when 24 is divided by u?
9
Let r = 7398 + -7365. Let k(u) = -u**3 + u**2 